 (6 - 1)
7
What is the value of 1 + -5 - (25 + -32)?
3
What is the value of 2 - 4 - (5 + -6 + 3)?
-4
-3 - (7 + 0 + -9)
-1
-5 + (2 - -7) + 0 + 0
4
What is -4 + 8 + -8 + -1 + 8?
3
-10 - (1 + -5) - -1 - 0
-5
Evaluate (-8 - -9) + -8 - -3.
-4
Evaluate (-8 + 1 - -5 - -8) + -5.
1
What is the value of (4 - (3 - 0)) + (18 - 18)?
1
2 + -1 + 0 + -5
-4
7 - (-8 + 4 + 5)
6
Calculate (0 - 3) + (-5 - -6) - -2.
0
Calculate -5 - 1 - (-3 + -5).
2
What is -2 + 3 - (-7 + 3 + 0)?
5
Calculate (-7 - 1 - -4 - -11) + -4.
3
What is the value of -1 - -4 - (-2 - -6)?
-1
What is the value of -2 + 6 + 2 + -1 + -5?
0
Calculate 2 + (-3 - -4) + -4 + 1.
0
What is the value of 77 + -84 + -2 + 2 + 2?
-5
Evaluate -5 + 2 - (6 - 8).
-1
4 + 0 + -8 + 7
3
What is the value of 57 - 52 - (-1 - (-2 - 1))?
3
Evaluate -6 - 2 - (-1 - 6).
-1
Calculate -2 - (2 + (4 - 5)).
-3
What is the value of -2 + 3 + (4 - 3)?
2
What is 4 + -5 - (6 + 1 - 1)?
-7
What is the value of 7 - (0 - -1) - (12 - 11)?
5
What is -5 - (-5 + (1 - -3))?
-4
What is the value of 6 - (8 - (3 + -1))?
0
What is -8 - (-5 + (-2 - -3 - -3))?
-7
Evaluate -6 - (-4 + (11 - 17)).
4
Evaluate 3 + (1 - -7) + (0 - 5).
6
What is (-1 - -5) + (0 + 0 - 2)?
2
What is the value of -6 - (3 - 13) - (1 - -2)?
1
Evaluate (12 + -7 - 1) + (3 - 0).
7
What is the value of (56 - 60) + (-1 - -3 - 0)?
-2
Calculate 6 + -8 + (6 - 3).
1
-3 + (-3 - (-3 + 2 - 2))
-3
What is the value of 12 + 3 + -8 + -8?
-1
-8 - (-4 - (1 - 0))
-3
Calculate 0 + 2 + -6 - (-24 + 21).
-1
Evaluate -1 + 3 - (-3 + 8 + -4).
1
1 + (1 - 8) + (46 - 41)
-1
What is (-19 - (-14 - -7)) + 8?
-4
Calculate 5 - 0 - (6 - (1 + -5)).
-5
What is 14 - 19 - (-1 - 0)?
-4
Evaluate -3 - -3 - (-1 - -4).
-3
Calculate (-9 - -8) + (-1 - 1) + 1.
-2
Evaluate (-1 - -3) + (-6 + 7 - 4).
-1
Evaluate -1 + -1 + (-12 - -5 - -6).
-3
What is (-12 - -14) + (-3 - -6)?
5
Calculate -5 + 0 + 1 + (3 - -4).
3
Calculate -6 + 2 + -4 + 6 + -3.
-5
Calculate (-1 - -15) + -13 + (0 - 0).
1
What is 7 - (1 - (8 - 9))?
5
What is (-4 - (0 - 3 - 4)) + -14?
-11
Evaluate (-2 - (8 + -4) - -4) + 1.
-1
-5 - 9 - -12 - (0 + -12)
10
Calculate 2 + 1 + -8 + 3 + -3.
-5
-4 - (0 - -3 - (-2 + 4))
-5
What is -5 - (8 + -4) - -4?
-5
Calculate 2 - 4 - (4 + -6).
0
(-2 - -2) + (-59 - -57)
-2
2 - (-4 + 6 - 8 - -12)
-4
Calculate -3 + 4 - (-4 - -4).
1
-4 - 2 - (-15 - (-9 + -9))
-9
Evaluate (1 - 1) + (23 - 30).
-7
Calculate (2 + 0 - 0) + (0 - 1).
1
What is 8 + -5 + 9 + -19?
-7
(-2 - (4 + -5)) + 4 + 1
4
-1 + -6 + (0 + 2 - 0)
-5
Calculate 2 - (4 + 3 - 0).
-5
What is 12 - 18 - (-2 + 0)?
-4
What is the value of -8 - (6 + -15) - (-2 + 11)?
-8
What is 4 + 2 + 3 + -6?
3
-2 - (6 - (2 - (4 - 13)))
3
What is -5 + 8 - (7 + (3 - 5))?
-2
Calculate -2 + -5 + 0 - -2 - -3.
-2
What is -6 + (0 - -4 - (-3 + 4))?
-3
Evaluate 1 - 1 - (6 - (5 - 0)).
-1
Calculate (-2 - 2 - -4) + -5.
-5
-5 + -6 + 7 + 0
-4
What is the value of (-6 + -7 - -19) + (0 - 5)?
1
What is the value of 3 + (2 - 1) + -7?
-3
What is the value of 1 + -1 + -3 + (6 - 6)?
-3
Evaluate 2 + 0 + 5 + -9 + 3.
1
What is the value of 0 - -8 - (-59 + 74)?
-7
What is the value of -2 + (7 - 4) + -5?
-4
Evaluate -4 + 0 - -11 - 3.
4
What is the value of -7 - 0 - (-9 + -4)?
6
What is the value of -14 - -19 - (8 + 2)?
-5
What is the value of 1 - (-2 + 2 - 2)?
3
Calculate 6 + 1 + -10 + 3.
0
8 + (3 - -9 - 23)
-3
Evaluate 5 - (-6 - -6) - (9 + -1).
-3
What is -7 - (2 - (2 - (6 - 8)))?
-5
Evaluate -2 + -6 + 5 + (7 - 2).
2
-5 + (-5 - -7 - 1)
-4
What is the value of 3 + 0 + 4 + (-19 - -15)?
3
Evaluate 5 + (2 - -3 - 12).
-2
Calculate (-1 - -2 - -3 - 3) + 2.
3
What is -5 - (6 - 9) - -6?
4
-5 - ((-6 - 1) + 1)
1
Calculate 0 + (2 - -6) + -4 - 6.
-2
Calculate -12 - -2 - (-20 + 15).
-5
What is (-1 - -3) + -2 + -2 + 2?
0
Calculate (-4 - -11 - 8) + 3 + -1.
1
What is the value of (11 - (9 - 9)) + -10?
1
Evaluate 16 - 17 - (1 + 1 + 1).
-4
What is -5 - (6 + 5 + -18)?
2
-39 + 27 + (6 - -1)
-5
Calculate -5 - (6 + -8 + 1 - 3).
-1
Calculate (1 - -9) + -13 + 9 + -4.
2
Evaluate -2 - (3 - (4 - 2)).
-3
What is the value of 2 + (-1 + -4 - -4)?
1
Evaluate (22 - 8) + -6 - 14.
-6
5 + (0 - 13 - -3)
-5
Calculate (10 - (-7 + 9)) + -8.
0
What is (0 - (-1 + 3)) + -9 + 8?
-3
What is the value of 1 + 2 + 5 + -5?
3
What is the value of (-14 - -10) + 3 - (1 - -1)?
-3
What is the value of (-3 - -11) + -12 - -9?
5
7 - (2 + 0) - (4 - -1)
0
-2 + 2 + -1 + 0 + 0
-1
What is the value of (-3 - 2 - (-12 - -1)) + -5?
1
Calculate -3 + -3 + 5 + 6.
5
Evaluate 2 + -2 + -2 - -2.
0
What is the value of 7 + -6 + (0 - -4)?
5
Evaluate -6 + 17 - (6 + 14).
-9
What is the value of 1 + 1 + (-4 - (-10 - -4))?
4
What is -5 - (4 - (15 + 5))?
11
Evaluate 3 + -3 + 4 + 1 + 0.
5
Calculate 0 - -1 - (-7 + 10).
-2
Evaluate 4 - (9 + -7 - (2 + -2)).
2
What is the value of -5 + -4 + 11 + -5 - -7?
4
What is 3 + -2 - 9 - -13?
5
What is the value of -5 + (5 - (-5 + 5)) + -4?
-4
Evaluate 11 - (-2 - -5 - -1) - 4.
3
Evaluate (2 - (0 - (-2 + -1))) + -3.
-4
What is the value of (0 - -5) + -4 + 2 + -8?
-5
Calculate 23 - 20 - (1 - -1 - 1).
2
Evaluate -1 - ((0 - -1) + -7).
5
What is the value of -8 + 10 + -6 + 0 + 1?
-3
Evaluate 3 + 2 - -3 - 5.
3
What is the value of -1 + 2 - 4 - 2?
-5
Evaluate 11 + (2 - -3) + -10 + 1.
7
Evaluate -10 + (-10 - -2 - -21).
3
3 - -1 - (3 + -5 + 1)
5
-7 + (3 - (-5 - -4) - -2)
-1
4 + (-6 - 1) - 7
-10
What is (0 - -2) + 8 - 15?
-5
Evaluate (10 - 3 - (22 + -14)) + -1.
-2
Calculate 8 - (-8 + 13 - -3).
0
What is 6 - (3 - (-4 + 1))?
0
0 + -4 + 6 + -1
1
Calculate -1 - (-1 - (-2 - 1)).
-3
What is the value of 2 + 11 + (0 - 4)?
9
What is 1 + 18 + 23 + -35?
7
What is the value of (4 - -4) + (-9 - 9)?
-10
What is the value of (-28 - -18) + -4 + 7?
-7
Evaluate (-6 - -3) + 6 + 1 - -2.
6
(-4 - (-1 + 1)) + 6
2
What is -1 + (-5 - -3) + 5 - 5?
-3
What is the value of 0 - ((-4 - 0) + 5) - -6?
5
What is the value of 4 + 1 - (12 - 8)?
1
Evaluate -37 + 36 + -3 + 1.
-3
What is the value of -3 + (3 - 1 - (3 + -4))?
0
What is the value of -4 - (-1 - (-4 + 1 + 4))?
-2
Evaluate 9 + 7 + -28 + 18.
6
Calculate 1 - (0 - (7 + -4)).
4
Evaluate -9 + 1 + (16 + -27 - -22).
3
-3 + -3 + 4 + 3
1
What is the value of -4 + 3 + (1 - (0 - 3))?
3
Calculate (-7 - (-6 - -2)) + 1 + 1.
-1
What is -15 + 7 + 1 + -1?
-8
What is 6 + -7 + 0 + 0 + -1?
-2
What is 7 + -11 + 3 + (-2 - -1)?
-2
What is -10 + 13 - -1 - 4?
0
What is the value of -3 + -1 - (-6 - -3)?
-1
Calculate 0 + 16 + -19 + 9.
6
What is 1 - (0 + 4 - (-2 + 2))?
-3
Calculate -2 - (-5 + 0) - 5.
-2
What is the value of -4 + 1 + -1 + -1?
-5
-1 - 2 - (7 - -1 - 8)
-3
Calculate -8 + 9 + 0 + -7.
-6
What is -3 + (4 - (-1 + 0 + 1))?
1
Calculate 10 - 2 - -4 - 7.
5
Calculate 4 - (2 - (-1 + 0 - -3)).
4
What is the value of 6 + (-3 - 6) + 2 - 4?
-5
What is the value of -3 - -9 - 12 - -5?
-1
(15 - 12) + -7 + (0 - -8)
4
What is the value of -4 - (-10 + 4 - 2 - -2)?
2
Calculate 0 + 10 + -4 + -7.
-1
What is 78 + -77 + -1 + 5?
5
Evaluate 9 + -1 + (-84 - -77).
1
Calculate 14 + -9 + -13 + 1.
-7
Evaluate (-6 - (11 - 18)) + 3.
4
Calculate (-4 - -1) + (19 - 17).
-1
What is (11 - (-2 - -8)) + 0 + -1?
4
Evaluate (13 - (20 + -11)) + 0.
4
1 + 6 + (3 - 14)
-4
What is -8 - (-5 + (6 - 4))?
-5
1 - ((4 - 4) + 0 - -6)
-5
Calculate -3 + (-4 + 12 - 0).
5
Evaluate 4 + (8 - 0 - 11).
1
11 + (-7 + 5 + 0 - 4)
5
16 + -9 + -8 - (-3 - -1)
1
Calculate -1 - (-4 - (-1 + -1)) - 6.
-5
-1 - 0 - (-85 - -83)
1
What is (-3 - -8) + -3 + -2?
0
Evaluate -8 + 1 + (4 - 3 - -1).
-5
Evaluate 0 - 2 - (-1 - 3).
2
Calculate (1 - (4 - 5)) + 2.
4
What is -7 + (-8 - (6 + -12))?
-9
-10 + 11 + 1 + -8 + -1
-7
What is the value of -7 + (-2 + 1 + 1 - -4)?
-3
What is the value of (3 - 3) + (-19 - -20)?
1
Calculate -14 + -4 + (9 - 3) - -8.
-4
-5 - ((3 - 3) + -3 + 1)
-3
4 + (-9 - -1) + 2
-2
What is -1 + -6 - -3 - (-12 - -10)?
-2
Evaluate 4 - 2 - (0 - 3).
5
Evaluate 4 + 4 + -13 + 7.
2
(22 - 22) + -1 + 8 - 1
6
What is the value of -1 + 0 - (-4 + 2 - -2)?
-1
-24 + 29 + -6 + -1 + -7
-9
-6 + 1 + -1 - (2 - 6)
-2
What is the value of -2 + 2 + -2 + 5?
3
Evaluate 0 + -1 + 9 - 8.
0
Calculate (0 - (1 - 8)) + 12 + -14.
5
What is 1 - 9 - (3 - (8 + -2))?
-5
Calculate -4 + (3 - (7 - 3)).
-5
What is the value of 3 + (-6 - (3 - 4)) + 0?
-2
What is the value of 3 + -3 + 3 - 7?
-4
Evaluate 4 + -10 + 16 + -8.
2
What is -2 + 0 - (1 - 0 - 4)?
1
2 - 2 - (-5 - -4) - -4
